2, 5
Let m = 72 - 125. Let o = 55 + m. What are the prime factors of o?
2
Let a(w) = 2*w**2 - 9*w - 5. Let o be a(10). Let n = o + -57. List the prime factors of n.
2, 3
Let t be (22/(-5))/(3/30). Let c = 70 + t. What are the prime factors of c?
2, 13
Let d(i) = i**3 + 5 - 16 + 60 - 3*i + 2*i. Let k = -58 + 58. List the prime factors of d(k).
7
Let k(o) = -396*o + 60. List the prime factors of k(-4).
2, 3, 137
Let t be 4 + -6 + 3 + 0. What are the prime factors of 1/(-2)*(-31 + t)?
3, 5
Let y = -1348 + 2505. What are the prime factors of y?
13, 89
Let x(t) = t**3 - 2*t**2 + 2*t - 1. Let g be x(2). Suppose 19 = -g*m - 8. Let w(f) = -f**3 - 9*f**2 - 4*f - 6. List the prime factors of w(m).
2, 3, 5
Suppose 5*x - 37 = 6*x. Let f = 38 + x. What are the prime factors of f*100/(-8)*-4?
2, 5
Let k = 164 - 111. Let m = k + 92. List the prime factors of m.
5, 29
Let h(g) = -14*g + 38. Let c be h(7). List the prime factors of (-1 - 0) + (c*1)/(-3).
19
Let v(i) = 1 + 7*i**2 + 2*i - 4*i + 2 - i. Let o be 0 - 3/((-9)/6). What are the prime factors of v(o)?
5
Let c(k) = 260*k**2 - k + 1. What are the prime factors of c(1)?
2, 5, 13
Let x = -4050 - -7458. List the prime factors of x.
2, 3, 71
Suppose 2*a - 2*j = 1390, 0*a - 2*j = -4*a + 2774. What are the prime factors of a?
2, 173
Let t(p) = 82*p - 2. Let d be t(2). Let f = d + -78. What are the prime factors of f?
2, 3, 7
List the prime factors of 6/(-16) + (-7576)/(-64).
2, 59
Let b = 647 - 595. What are the prime factors of b?
2, 13
Let m be (-1)/(5/(-15)) - -9. Suppose 4*l - 4*s - 73 - 67 = 0, -4*s + m = 0. List the prime factors of l.
2, 19
Suppose 0 = 11*t - 4*t + 21. Let f(k) = -10*k - 6*k + 2*k. List the prime factors of f(t).
2, 3, 7
Let c(x) = x**3 - 2*x**2 - 3*x + 5. Let r(d) = d + 10. Let g be r(-7). Let h be c(g). Suppose -f = -h*f + 96. What are the prime factors of f?
2, 3
Let i be (0 + -9 - 5) + -4. Suppose -10 = 5*u - 4*f, -4*u = -8*u - 3*f + 23. Let h = u - i. List the prime factors of h.
2, 5
Suppose -3*y + y - 28 = 0. Suppose 4*z - 46 = 2*z. Let s = z + y. What are the prime factors of s?
3
Let w(f) = -5*f - 27. Let m be w(-6). Let a(v) = v**3 + v**2 - 3. What are the prime factors of a(m)?
3, 11
Let c(s) = -s - 14 - 15 + 50 - 12. Let l be (-6)/(-3 + 1) - 10. List the prime factors of c(l).
2
Let x(g) = -5*g - 22. Suppose 2*v = -4*s, -12 = 4*v + 8*s - 3*s. What are the prime factors of x(v)?
2, 3
Suppose -58*v + 51*v = -1015. List the prime factors of v.
5, 29
Let v(l) = -14*l**3 - 14*l**2 - 124*l + 5. What are the prime factors of v(-7)?
3, 1663
Let o(q) = 8*q + 2. Let l be 10/4*14/5. Let k be o(l). Let y = k - 29. List the prime factors of y.
29
Suppose -14*i + 21*i - 3080 = 0. What are the prime factors of i?
2, 5, 11
Let s(c) = 6*c**3 - c + 2. Suppose 1 + 7 = -4*d. Let q be s(d). Let y = q - -77. What are the prime factors of y?
3, 11
List the prime factors of (-601 - -7)/(2/(-3)).
3, 11
Let v = 362 + 64. List the prime factors of v.
2, 3, 71
Let o be -9*(-6)/18 - -5. List the prime factors of (13572/(-15))/(-3) + o/20.
2, 151
Suppose -q - 267 = -5*n, -n - q + 51 = -6. Let p = n + 23. What are the prime factors of p?
7, 11
Suppose 4*t - 281 = 5*r, t - r + 3*r = 80. List the prime factors of t.
2, 37
Let g(i) be the third derivative of 1/24*i**4 + 13/3*i**3 + 0 + 6*i**2 + 0*i. What are the prime factors of g(-18)?
2
Suppose -17*d + 45*d = 28392. What are the prime factors of d?
2, 3, 13
What are the prime factors of 18/(-45) + 22/5?
2
Suppose -5*l + 492 = 112. Suppose 78*t - 254 = l*t. What are the prime factors of t?
127
Let p = 20 + -29. List the prime factors of (-6)/p + 229/3.
7, 11
Let f = 102 + -73. Let y = -10 + f. What are the prime factors of y?
19
Suppose -2*d - 73 = -j, -d + 5*d + 139 = -5*j. Let h be (-1 + 0 + d)*1. List the prime factors of (-6)/(-4) - h/2.
2, 5
Suppose 39*i = 37*i + 758. What are the prime factors of i?
379
Suppose 41 = 3*v - 28. Suppose 0 = -7*c + 5 + v. List the prime factors of c.
2
Let d(j) = j**3 - 6*j**2 - 3*j - 10. Let q = -48 - -55. What are the prime factors of d(q)?
2, 3
Let j = -301 + 536. What are the prime factors of j?
5, 47
Let z = 57 - 38. Let a = z + -16. Suppose 5*r - 46 = a*r. List the prime factors of r.
23
Let p(f) = -f**3 + 36*f**2 + 17*f - 67. What are the prime factors of p(30)?
5843
Let o(h) = 11*h**2 - 2*h. Let r be o(-1). Suppose r*w - 14*w = -60. List the prime factors of w.
2, 3, 5
Let h be (-2)/(2/3) + 0. Let n(x) be the second derivative of -5*x**3/3 - 5*x**2 - 355*x. List the prime factors of n(h).
2, 5
Suppose -2*x = -3*j - 4*x + 661, 4*j + x - 888 = 0. What are the prime factors of j?
223
Suppose 12 = 3*y + 6. Suppose 720 = -y*h + 5*h. What are the prime factors of h?
2, 3, 5
Let t(q) = 3*q + 27. Let h(f) = -5*f - 40. Let c(p) = 5*h(p) + 7*t(p). List the prime factors of c(-14).
3, 5
Let s(o) = -9*o**3 + 10*o**2 + 8*o - 4. What are the prime factors of s(-3)?
5, 61
Suppose 4*v + 565 = 9*v. List the prime factors of v.
113
Suppose -m - 2*b - 2 = 0, -m - 24 = -4*m + 4*b. Suppose -2*x + 6*x + 4 = 0, 2*i - m*x - 172 = 0. List the prime factors of i.
2, 3, 7
What are the prime factors of ((-15)/(-4))/((-159)/(-4876))?
5, 23
Let n(v) = -v**3 + 11*v**2 - 13*v + 14. Let l be n(10). Let w be (l/(-24))/(1/3). Suppose 11 + 79 = 3*u + z, 0 = w*u + z - 59. What are the prime factors of u?
31
Let h(x) = -85*x - 1112. What are the prime factors of h(-60)?
2, 997
Let s(a) = -a**3 + 7*a**2 + 2*a - 6. List the prime factors of s(7).
2
List the prime factors of ((-2530)/(-6))/((15 + -5)/30).
5, 11, 23
Let c(y) = -2*y + 131. Let b be c(0). Suppose -l = w - 6*l - 82, l - b = -2*w. Suppose -2*v + 23 = -w. What are the prime factors of v?
3, 5
Let z(j) = 4*j + 43 - 81 - 5*j + 104*j**2 + 39. List the prime factors of z(-1).
2, 53
Let t = 310 + 130. What are the prime factors of t?
2, 5, 11
Let k = 246 + 0. Suppose 0 = -2*l + k + 328. What are the prime factors of l?
7, 41
Suppose -5*p + 0 = 3*z - 1, 4*z - 4*p - 12 = 0. Suppose 244 = z*c + 5*o, -4*c - 3*o - o + 464 = 0. List the prime factors of c.
2, 7
Let t(k) = 4*k**2 + 30. List the prime factors of t(15).
2, 3, 5, 31
Suppose 4*r = -1 + 21. Suppose -r*m - 75 = -2*l, -m = -5*l + 2*m + 197. Suppose -l = -3*n - 2*n. What are the prime factors of n?
2
Let n(t) = -51*t - 7. Let v be n(4). Let p = v + 134. What are the prime factors of p/(-3) - 2/3?
5
Let m be (-4)/(-3)*(-45)/(-10). Let o be 56/(-30) + m/(-45). What are the prime factors of 2 + (o - -7) + 2?
3
Let d = -19 - -19. Suppose -4*m - 35 = -3*c - d*m, 4*c - 10 = -2*m. Suppose -j = b + 9 - 35, -3*j + c*b = -102. List the prime factors of j.
29
Let a be 100*(27/5 + -5). Suppose -2*i + 5*n - a = -236, i - 104 = n. What are the prime factors of i?
2, 3
Let d(b) = b**2 + 4. Let w be d(0). Suppose 0*p + 8 = 4*x - w*p, -x - 3*p = 6. Let u = x - -17. List the prime factors of u.
17
Let c(s) = -s. Let p(t) = -4. Let x(z) = -5*c(z) - p(z). Let o be x(7). Suppose 4*k = 9 + o. What are the prime factors of k?
2, 3
Let h = 36 + -33. Suppose 4*w + 26 = 2*d, -h*d + 8*d + w = 10. What are the prime factors of d?
3
Let c(u) = -6 + 0*u**2 - 11 + 0*u**2 - u**2 + 18*u. List the prime factors of c(11).
2, 3, 5
What are the prime factors of (-48)/6 + 3 + 65?
2, 3, 5
Let o be -3 + 4*63/(-6). List the prime factors of o/30 - 41/(-2).
19
Let j(y) = 49*y - 4. Let w be (-62)/22 + 3 - (-18)/22. What are the prime factors of j(w)?
3, 5
Suppose 2*j - 9 = -3. Suppose 2*c + j*c = 55. Suppose -3*i - c = -50. List the prime factors of i.
13
Let o(g) = 15*g**2 + g + 12. What are the prime factors of o(4)?
2
Let o be (10/(-20))/(2/(-8)). Suppose -2*w + q + 10 = o*q, 2*q - 14 = -3*w. Suppose -3*j = w, -3*i - i = 3*j - 66. What are the prime factors of i?
2, 3
Let n(v) = -3*v. Let c be n(-1). Let u be ((1 - c) + 2)*1. Suppose -140 = -3*q - 2*q - 3*m, u = -3*q + 5*m + 118. List the prime factors of q.
31
Let g(p) = -3*p - 13. Let k be g(-11). Suppose -s + k = -n, -2*s - 4 = 3*n - 19. List the prime factors of s.
3, 5
Let x(d) = 828*d**2 - 22*d - 54. What are the prime factors of x(-2)?
2, 13, 127
Let c(v) = -v**2 + 1. Let m(z) = 8*z**2 - 2*z - 22. Let b(k) = -10*c(k) - m(k). Let x be b(-7). Suppose 7*o - 58 = x. List the prime factors of o.
2, 11
Let y(k) be the first deriv